{"id":141,"date":"2013-01-15T10:54:28","date_gmt":"2013-01-15T08:54:28","guid":{"rendered":"http:\/\/vie-de-boheme.de\/urlaub\/?page_id=141"},"modified":"2017-08-18T12:55:08","modified_gmt":"2017-08-18T10:55:08","slug":"uber-uns","status":"publish","type":"page","link":"https:\/\/www.vie-de-boheme.de\/urlaub\/uber-uns\/","title":{"rendered":"\u00dcber uns"},"content":{"rendered":"<h3 style=\"text-align: justify;\"><\/h3>\n<h3 style=\"text-align: justify;\"><img loading=\"lazy\" decoding=\"async\" class=\"alignnone wp-image-908 size-full\" src=\"http:\/\/www.vie-de-boheme.de\/urlaub\/wp-content\/uploads\/2013\/01\/schlei-impression-e1503053704171.jpg\" alt=\"\" width=\"1200\" height=\"288\" srcset=\"https:\/\/www.vie-de-boheme.de\/urlaub\/wp-content\/uploads\/2013\/01\/schlei-impression-e1503053704171.jpg 1200w, https:\/\/www.vie-de-boheme.de\/urlaub\/wp-content\/uploads\/2013\/01\/schlei-impression-e1503053704171-300x72.jpg 300w, https:\/\/www.vie-de-boheme.de\/urlaub\/wp-content\/uploads\/2013\/01\/schlei-impression-e1503053704171-1024x246.jpg 1024w, https:\/\/www.vie-de-boheme.de\/urlaub\/wp-content\/uploads\/2013\/01\/schlei-impression-e1503053704171-500x120.jpg 500w, https:\/\/www.vie-de-boheme.de\/urlaub\/wp-content\/uploads\/2013\/01\/schlei-impression-e1503053704171-768x184.jpg 768w\" sizes=\"auto, (max-width: 1200px) 100vw, 1200px\" \/><\/h3>\n<h3 style=\"text-align: justify;\">Intakte Landschaften und Wasser ziehen uns magisch an.<\/h3>\n<p style=\"text-align: justify;\">So kam es, dass wir vor 2 Jahren den Schritt vom S\u00fcden Deutschlands in den Norden wagten. Wir bereuen es nicht! Genau so hatten wir es ertr\u00e4umt: Weite, das saftige Gr\u00fcn, die leicht h\u00fcgelige Endmor\u00e4nen-Landschaft, das rhythmische Abwechseln von Hecken, Feldern und alten Eichen, schroffe und sanfte Ufer, das Wasser in all seinen Variationen als See, Fjord und Meer.<\/p>\n<p style=\"text-align: justify;\">Was uns lockt ist immer wieder der Aufbau von Ferienh\u00e4usern, in denen man sich in Geborgenheit niederlassen kann &#8211; f\u00fcr uns ein Urbed\u00fcrfnis! Eine Art Heimkommen und aufgenommen werden. So haben wir es mit unserer mine d\u00b4or inmitten wilder Natur in den Cevennen vor bald 20 Jahren gemacht: <a title=\"La Mine d'Or\" href=\"http:\/\/www.la-mine-dor.com\" target=\"_blank\" rel=\"noopener\">www.la-mine-dor.com<\/a>. Und so werden wir auch hier unsere beiden H\u00e4user neu beleben. Dabei sind unsere Schritte der baulichen Ver\u00e4nderungen und Gartengestaltung klein und achtsam. \u00dcber Jahre verwandelt sich der Ort und strahlt eine gewisse Einfachheit und Freundlichkeit aus. Um eine einzigartige Atmosph\u00e4re zu schaffen suchen wir unz\u00e4hlige Secondhand-, Lager und Tr\u00f6delm\u00e4rkte auf, wo sich M\u00f6bel, Lampen, Stoffe und allerlei Utensilien mit Geschichte finden&#8230;&#8230; Wir wandeln sie um und f\u00fcgen sie zu neuen Geschichten zusammen. Unsere H\u00e4user erz\u00e4hlen von Kreativit\u00e4t und Liebe zum Detail.<\/p>\n<p style=\"text-align: justify;\">In den Sommermonaten sind wir gerne Gastgeber. Unsere G\u00e4ste bringen die von uns angefangenen Geschichten zum Leben&#8230;&#8230;.. ein sch\u00f6nes Gef\u00fchl!<\/p>\n<p style=\"text-align: justify;\">In den Wintermonaten, wenn Stille einkehrt, gestalten wir neue Ideen oder fokussieren uns als K\u00f6rperarbeiter auf unsere Seminare , es sei denn, dass der eine oder andere Gast sich im Urlaub eine entspannende Massage w\u00fcnscht.<\/p>\n","protected":false},"excerpt":{"rendered":"<p>Intakte Landschaften und Wasser ziehen uns magisch an. So kam es, dass wir vor 2 Jahren den Schritt vom S\u00fcden Deutschlands in den Norden wagten. Wir bereuen es nicht! Genau so hatten wir es ertr\u00e4umt: Weite, das saftige Gr\u00fcn, die leicht h\u00fcgelige Endmor\u00e4nen-Landschaft, das rhythmische Abwechseln von Hecken, Feldern und&#8230;<\/p>\n","protected":false},"author":1,"featured_media":0,"parent":0,"menu_order":0,"comment_status":"closed","ping_status":"closed","template":"template-fullwidth.php","meta":{"footnotes":""},"class_list":["post-141","page","type-page","status-publish","hentry"],"yoast_head":"<!-- This site is optimized with the Yoast SEO plugin v27.2 - https:\/\/yoast.com\/product\/yoast-seo-wordpress\/ -->\n<title>\u00dcber uns - vie de boh\u00e8me<\/title>\n<meta name=\"robots\" content=\"index, follow, max-snippet:-1, max-image-preview:large, max-video-preview:-1\" \/>\n<link rel=\"canonical\" href=\"https:\/\/www.vie-de-boheme.de\/urlaub\/uber-uns\/\" \/>\n<meta property=\"og:locale\" content=\"de_DE\" \/>\n<meta property=\"og:type\" content=\"article\" \/>\n<meta property=\"og:title\" content=\"\u00dcber uns - vie de boh\u00e8me\" \/>\n<meta property=\"og:description\" content=\"Intakte Landschaften und Wasser ziehen uns magisch an. So kam es, dass wir vor 2 Jahren den Schritt vom S\u00fcden Deutschlands in den Norden wagten. Wir bereuen es nicht! Genau so hatten wir es ertr\u00e4umt: Weite, das saftige Gr\u00fcn, die leicht h\u00fcgelige Endmor\u00e4nen-Landschaft, das rhythmische Abwechseln von Hecken, Feldern und...\" \/>\n<meta property=\"og:url\" content=\"https:\/\/www.vie-de-boheme.de\/urlaub\/uber-uns\/\" \/>\n<meta property=\"og:site_name\" content=\"vie de boh\u00e8me\" \/>\n<meta property=\"article:modified_time\" content=\"2017-08-18T10:55:08+00:00\" \/>\n<meta property=\"og:image\" content=\"http:\/\/www.vie-de-boheme.de\/urlaub\/wp-content\/uploads\/2013\/01\/schlei-impression-e1503053704171.jpg\" \/>\n<meta name=\"twitter:card\" content=\"summary_large_image\" \/>\n<meta name=\"twitter:label1\" content=\"Gesch\u00e4tzte Lesezeit\" \/>\n\t<meta name=\"twitter:data1\" content=\"1\u00a0Minute\" \/>\n<script type=\"application\/ld+json\" class=\"yoast-schema-graph\">{\"@context\":\"https:\/\/schema.org\",\"@graph\":[{\"@type\":\"WebPage\",\"@id\":\"https:\/\/www.vie-de-boheme.de\/urlaub\/uber-uns\/\",\"url\":\"https:\/\/www.vie-de-boheme.de\/urlaub\/uber-uns\/\",\"name\":\"\u00dcber uns - vie de boh\u00e8me\",\"isPartOf\":{\"@id\":\"https:\/\/www.vie-de-boheme.de\/urlaub\/#website\"},\"primaryImageOfPage\":{\"@id\":\"https:\/\/www.vie-de-boheme.de\/urlaub\/uber-uns\/#primaryimage\"},\"image\":{\"@id\":\"https:\/\/www.vie-de-boheme.de\/urlaub\/uber-uns\/#primaryimage\"},\"thumbnailUrl\":\"http:\/\/www.vie-de-boheme.de\/urlaub\/wp-content\/uploads\/2013\/01\/schlei-impression-e1503053704171.jpg\",\"datePublished\":\"2013-01-15T08:54:28+00:00\",\"dateModified\":\"2017-08-18T10:55:08+00:00\",\"breadcrumb\":{\"@id\":\"https:\/\/www.vie-de-boheme.de\/urlaub\/uber-uns\/#breadcrumb\"},\"inLanguage\":\"de\",\"potentialAction\":[{\"@type\":\"ReadAction\",\"target\":[\"https:\/\/www.vie-de-boheme.de\/urlaub\/uber-uns\/\"]}]},{\"@type\":\"ImageObject\",\"inLanguage\":\"de\",\"@id\":\"https:\/\/www.vie-de-boheme.de\/urlaub\/uber-uns\/#primaryimage\",\"url\":\"https:\/\/www.vie-de-boheme.de\/urlaub\/wp-content\/uploads\/2013\/01\/schlei-impression-e1503053704171.jpg\",\"contentUrl\":\"https:\/\/www.vie-de-boheme.de\/urlaub\/wp-content\/uploads\/2013\/01\/schlei-impression-e1503053704171.jpg\",\"width\":1200,\"height\":288},{\"@type\":\"BreadcrumbList\",\"@id\":\"https:\/\/www.vie-de-boheme.de\/urlaub\/uber-uns\/#breadcrumb\",\"itemListElement\":[{\"@type\":\"ListItem\",\"position\":1,\"name\":\"Startseite\",\"item\":\"https:\/\/www.vie-de-boheme.de\/urlaub\/\"},{\"@type\":\"ListItem\",\"position\":2,\"name\":\"\u00dcber uns\"}]},{\"@type\":\"WebSite\",\"@id\":\"https:\/\/www.vie-de-boheme.de\/urlaub\/#website\",\"url\":\"https:\/\/www.vie-de-boheme.de\/urlaub\/\",\"name\":\"vie de boh\u00e8me\",\"description\":\"Urlaub an der Ostsee\",\"potentialAction\":[{\"@type\":\"SearchAction\",\"target\":{\"@type\":\"EntryPoint\",\"urlTemplate\":\"https:\/\/www.vie-de-boheme.de\/urlaub\/?s={search_term_string}\"},\"query-input\":{\"@type\":\"PropertyValueSpecification\",\"valueRequired\":true,\"valueName\":\"search_term_string\"}}],\"inLanguage\":\"de\"}]}<\/script>\n<!-- \/ Yoast SEO plugin. -->","yoast_head_json":{"title":"\u00dcber uns - vie de boh\u00e8me","robots":{"index":"index","follow":"follow","max-snippet":"max-snippet:-1","max-image-preview":"max-image-preview:large","max-video-preview":"max-video-preview:-1"},"canonical":"https:\/\/www.vie-de-boheme.de\/urlaub\/uber-uns\/","og_locale":"de_DE","og_type":"article","og_title":"\u00dcber uns - vie de boh\u00e8me","og_description":"Intakte Landschaften und Wasser ziehen uns magisch an. So kam es, dass wir vor 2 Jahren den Schritt vom S\u00fcden Deutschlands in den Norden wagten. Wir bereuen es nicht! Genau so hatten wir es ertr\u00e4umt: Weite, das saftige Gr\u00fcn, die leicht h\u00fcgelige Endmor\u00e4nen-Landschaft, das rhythmische Abwechseln von Hecken, Feldern und...","og_url":"https:\/\/www.vie-de-boheme.de\/urlaub\/uber-uns\/","og_site_name":"vie de boh\u00e8me","article_modified_time":"2017-08-18T10:55:08+00:00","og_image":[{"url":"http:\/\/www.vie-de-boheme.de\/urlaub\/wp-content\/uploads\/2013\/01\/schlei-impression-e1503053704171.jpg","type":"","width":"","height":""}],"twitter_card":"summary_large_image","twitter_misc":{"Gesch\u00e4tzte Lesezeit":"1\u00a0Minute"},"schema":{"@context":"https:\/\/schema.org","@graph":[{"@type":"WebPage","@id":"https:\/\/www.vie-de-boheme.de\/urlaub\/uber-uns\/","url":"https:\/\/www.vie-de-boheme.de\/urlaub\/uber-uns\/","name":"\u00dcber uns - vie de boh\u00e8me","isPartOf":{"@id":"https:\/\/www.vie-de-boheme.de\/urlaub\/#website"},"primaryImageOfPage":{"@id":"https:\/\/www.vie-de-boheme.de\/urlaub\/uber-uns\/#primaryimage"},"image":{"@id":"https:\/\/www.vie-de-boheme.de\/urlaub\/uber-uns\/#primaryimage"},"thumbnailUrl":"http:\/\/www.vie-de-boheme.de\/urlaub\/wp-content\/uploads\/2013\/01\/schlei-impression-e1503053704171.jpg","datePublished":"2013-01-15T08:54:28+00:00","dateModified":"2017-08-18T10:55:08+00:00","breadcrumb":{"@id":"https:\/\/www.vie-de-boheme.de\/urlaub\/uber-uns\/#breadcrumb"},"inLanguage":"de","potentialAction":[{"@type":"ReadAction","target":["https:\/\/www.vie-de-boheme.de\/urlaub\/uber-uns\/"]}]},{"@type":"ImageObject","inLanguage":"de","@id":"https:\/\/www.vie-de-boheme.de\/urlaub\/uber-uns\/#primaryimage","url":"https:\/\/www.vie-de-boheme.de\/urlaub\/wp-content\/uploads\/2013\/01\/schlei-impression-e1503053704171.jpg","contentUrl":"https:\/\/www.vie-de-boheme.de\/urlaub\/wp-content\/uploads\/2013\/01\/schlei-impression-e1503053704171.jpg","width":1200,"height":288},{"@type":"BreadcrumbList","@id":"https:\/\/www.vie-de-boheme.de\/urlaub\/uber-uns\/#breadcrumb","itemListElement":[{"@type":"ListItem","position":1,"name":"Startseite","item":"https:\/\/www.vie-de-boheme.de\/urlaub\/"},{"@type":"ListItem","position":2,"name":"\u00dcber uns"}]},{"@type":"WebSite","@id":"https:\/\/www.vie-de-boheme.de\/urlaub\/#website","url":"https:\/\/www.vie-de-boheme.de\/urlaub\/","name":"vie de boh\u00e8me","description":"Urlaub an der Ostsee","potentialAction":[{"@type":"SearchAction","target":{"@type":"EntryPoint","urlTemplate":"https:\/\/www.vie-de-boheme.de\/urlaub\/?s={search_term_string}"},"query-input":{"@type":"PropertyValueSpecification","valueRequired":true,"valueName":"search_term_string"}}],"inLanguage":"de"}]}},"_links":{"self":[{"href":"https:\/\/www.vie-de-boheme.de\/urlaub\/wp-json\/wp\/v2\/pages\/141","targetHints":{"allow":["GET"]}}],"collection":[{"href":"https:\/\/www.vie-de-boheme.de\/urlaub\/wp-json\/wp\/v2\/pages"}],"about":[{"href":"https:\/\/www.vie-de-boheme.de\/urlaub\/wp-json\/wp\/v2\/types\/page"}],"author":[{"embeddable":true,"href":"https:\/\/www.vie-de-boheme.de\/urlaub\/wp-json\/wp\/v2\/users\/1"}],"replies":[{"embeddable":true,"href":"https:\/\/www.vie-de-boheme.de\/urlaub\/wp-json\/wp\/v2\/comments?post=141"}],"version-history":[{"count":14,"href":"https:\/\/www.vie-de-boheme.de\/urlaub\/wp-json\/wp\/v2\/pages\/141\/revisions"}],"predecessor-version":[{"id":1210,"href":"https:\/\/www.vie-de-boheme.de\/urlaub\/wp-json\/wp\/v2\/pages\/141\/revisions\/1210"}],"wp:attachment":[{"href":"https:\/\/www.vie-de-boheme.de\/urlaub\/wp-json\/wp\/v2\/media?parent=141"}],"curies":[{"name":"wp","href":"https:\/\/api.w.org\/{rel}","templated":true}]}}