{"id":146,"date":"2013-01-15T10:58:32","date_gmt":"2013-01-15T08:58:32","guid":{"rendered":"http:\/\/vie-de-boheme.de\/urlaub\/?page_id=146"},"modified":"2017-06-14T10:11:14","modified_gmt":"2017-06-14T08:11:14","slug":"massage","status":"publish","type":"page","link":"https:\/\/www.vie-de-boheme.de\/urlaub\/massage\/","title":{"rendered":"Massage"},"content":{"rendered":"<p style=\"text-align: justify;\">Seit \u00fcber 30 Jahren fasziniert mich der Mensch, in Ber\u00fchrung und Bewegung. <img loading=\"lazy\" decoding=\"async\" class=\"size-full wp-image-609 alignright\" style=\"margin-left: 20px;\" src=\"http:\/\/www.vie-de-boheme.de\/urlaub\/wp-content\/uploads\/2013\/01\/massage-hand.jpg\" alt=\"Massage\" width=\"320\" height=\"213\" srcset=\"https:\/\/www.vie-de-boheme.de\/urlaub\/wp-content\/uploads\/2013\/01\/massage-hand.jpg 320w, https:\/\/www.vie-de-boheme.de\/urlaub\/wp-content\/uploads\/2013\/01\/massage-hand-300x199.jpg 300w\" sizes=\"auto, (max-width: 320px) 100vw, 320px\" \/><\/p>\n<h3 style=\"text-align: justify;\">Massage in der Einzelsitzung<\/h3>\n<p style=\"text-align: justify;\">Massage &#8211; eine Insel der Entspannung<br \/>\nMassage ist Kunst und zeigt uns in ihrer h\u00f6chsten Form, wie einfachste Ber\u00fchrung direkt in tiefe Entspannung und unmittelbare Pr\u00e4senz f\u00fchrt.<br \/>\nUnsere Massage ist wie ein einziger Pinselstrich, der in sich die ganze Welt enth\u00e4lt, ein einziger Klang, der unser Herz \u00f6ffnet.<\/p>\n<h3 style=\"text-align: justify;\">Massage-Workshop f\u00fcr EinsteigerInnen, 1-Tages Seminar<img loading=\"lazy\" decoding=\"async\" class=\"size-full wp-image-612 alignright\" style=\"margin-left: 20px;\" src=\"http:\/\/www.vie-de-boheme.de\/urlaub\/wp-content\/uploads\/2013\/01\/massage.jpg\" alt=\"Massage\" width=\"320\" height=\"213\" srcset=\"https:\/\/www.vie-de-boheme.de\/urlaub\/wp-content\/uploads\/2013\/01\/massage.jpg 320w, https:\/\/www.vie-de-boheme.de\/urlaub\/wp-content\/uploads\/2013\/01\/massage-300x199.jpg 300w\" sizes=\"auto, (max-width: 320px) 100vw, 320px\" \/><\/h3>\n<p style=\"text-align: justify;\">Ber\u00fchrung ist Medizin! Unsere Zellen tanzen vor Freude und lassen sich ins Urvertrauen fallen, sobald sie achtsame k\u00f6rperliche Ber\u00fchrung wahrnehmen.<br \/>\nWir n\u00e4hern uns an diesem Tag dem Potenzial der Ber\u00fchrung und der Massage an, damit wir es in unserer Familie und im Freundes- und Bekanntenkreis anwenden k\u00f6nnen.<\/p>\n<p>N\u00e4here Informationen \u00fcber Termine und Veranstaltungsort erhalten Sie unter:<\/p>\n<p><a href=\"http:\/\/www.beruehrtes-menschsein.de\" target=\"_blank\" rel=\"noopener\">http:\/\/www.beruehrtes-menschsein.de<\/a><\/p>\n","protected":false},"excerpt":{"rendered":"<p>Seit \u00fcber 30 Jahren fasziniert mich der Mensch, in Ber\u00fchrung und Bewegung. Massage in der Einzelsitzung Massage &#8211; eine Insel der Entspannung Massage ist Kunst und zeigt uns in ihrer h\u00f6chsten Form, wie einfachste Ber\u00fchrung direkt in tiefe Entspannung und unmittelbare Pr\u00e4senz f\u00fchrt. Unsere Massage ist wie ein einziger Pinselstrich,&#8230;<\/p>\n","protected":false},"author":1,"featured_media":0,"parent":0,"menu_order":0,"comment_status":"closed","ping_status":"closed","template":"template-fullwidth.php","meta":{"footnotes":""},"class_list":["post-146","page","type-page","status-publish","hentry"],"yoast_head":"<!-- This site is optimized with the Yoast SEO plugin v27.2 - https:\/\/yoast.com\/product\/yoast-seo-wordpress\/ -->\n<title>Massage - vie de boh\u00e8me<\/title>\n<meta name=\"robots\" content=\"index, follow, max-snippet:-1, max-image-preview:large, max-video-preview:-1\" \/>\n<link rel=\"canonical\" href=\"https:\/\/www.vie-de-boheme.de\/urlaub\/massage\/\" \/>\n<meta property=\"og:locale\" content=\"de_DE\" \/>\n<meta property=\"og:type\" content=\"article\" \/>\n<meta property=\"og:title\" content=\"Massage - vie de boh\u00e8me\" \/>\n<meta property=\"og:description\" content=\"Seit \u00fcber 30 Jahren fasziniert mich der Mensch, in Ber\u00fchrung und Bewegung. Massage in der Einzelsitzung Massage &#8211; eine Insel der Entspannung Massage ist Kunst und zeigt uns in ihrer h\u00f6chsten Form, wie einfachste Ber\u00fchrung direkt in tiefe Entspannung und unmittelbare Pr\u00e4senz f\u00fchrt. Unsere Massage ist wie ein einziger Pinselstrich,...\" \/>\n<meta property=\"og:url\" content=\"https:\/\/www.vie-de-boheme.de\/urlaub\/massage\/\" \/>\n<meta property=\"og:site_name\" content=\"vie de boh\u00e8me\" \/>\n<meta property=\"article:modified_time\" content=\"2017-06-14T08:11:14+00:00\" \/>\n<meta property=\"og:image\" content=\"http:\/\/www.vie-de-boheme.de\/urlaub\/wp-content\/uploads\/2013\/01\/massage-hand.jpg\" \/>\n<meta name=\"twitter:card\" content=\"summary_large_image\" \/>\n<meta name=\"twitter:label1\" content=\"Gesch\u00e4tzte Lesezeit\" \/>\n\t<meta name=\"twitter:data1\" content=\"1\u00a0Minute\" \/>\n<script type=\"application\/ld+json\" class=\"yoast-schema-graph\">{\"@context\":\"https:\/\/schema.org\",\"@graph\":[{\"@type\":\"WebPage\",\"@id\":\"https:\/\/www.vie-de-boheme.de\/urlaub\/massage\/\",\"url\":\"https:\/\/www.vie-de-boheme.de\/urlaub\/massage\/\",\"name\":\"Massage - vie de boh\u00e8me\",\"isPartOf\":{\"@id\":\"https:\/\/www.vie-de-boheme.de\/urlaub\/#website\"},\"primaryImageOfPage\":{\"@id\":\"https:\/\/www.vie-de-boheme.de\/urlaub\/massage\/#primaryimage\"},\"image\":{\"@id\":\"https:\/\/www.vie-de-boheme.de\/urlaub\/massage\/#primaryimage\"},\"thumbnailUrl\":\"http:\/\/www.vie-de-boheme.de\/urlaub\/wp-content\/uploads\/2013\/01\/massage-hand.jpg\",\"datePublished\":\"2013-01-15T08:58:32+00:00\",\"dateModified\":\"2017-06-14T08:11:14+00:00\",\"breadcrumb\":{\"@id\":\"https:\/\/www.vie-de-boheme.de\/urlaub\/massage\/#breadcrumb\"},\"inLanguage\":\"de\",\"potentialAction\":[{\"@type\":\"ReadAction\",\"target\":[\"https:\/\/www.vie-de-boheme.de\/urlaub\/massage\/\"]}]},{\"@type\":\"ImageObject\",\"inLanguage\":\"de\",\"@id\":\"https:\/\/www.vie-de-boheme.de\/urlaub\/massage\/#primaryimage\",\"url\":\"https:\/\/www.vie-de-boheme.de\/urlaub\/wp-content\/uploads\/2013\/01\/massage-hand.jpg\",\"contentUrl\":\"https:\/\/www.vie-de-boheme.de\/urlaub\/wp-content\/uploads\/2013\/01\/massage-hand.jpg\",\"width\":320,\"height\":213},{\"@type\":\"BreadcrumbList\",\"@id\":\"https:\/\/www.vie-de-boheme.de\/urlaub\/massage\/#breadcrumb\",\"itemListElement\":[{\"@type\":\"ListItem\",\"position\":1,\"name\":\"Startseite\",\"item\":\"https:\/\/www.vie-de-boheme.de\/urlaub\/\"},{\"@type\":\"ListItem\",\"position\":2,\"name\":\"Massage\"}]},{\"@type\":\"WebSite\",\"@id\":\"https:\/\/www.vie-de-boheme.de\/urlaub\/#website\",\"url\":\"https:\/\/www.vie-de-boheme.de\/urlaub\/\",\"name\":\"vie de boh\u00e8me\",\"description\":\"Urlaub an der Ostsee\",\"potentialAction\":[{\"@type\":\"SearchAction\",\"target\":{\"@type\":\"EntryPoint\",\"urlTemplate\":\"https:\/\/www.vie-de-boheme.de\/urlaub\/?s={search_term_string}\"},\"query-input\":{\"@type\":\"PropertyValueSpecification\",\"valueRequired\":true,\"valueName\":\"search_term_string\"}}],\"inLanguage\":\"de\"}]}<\/script>\n<!-- \/ Yoast SEO plugin. -->","yoast_head_json":{"title":"Massage - vie de boh\u00e8me","robots":{"index":"index","follow":"follow","max-snippet":"max-snippet:-1","max-image-preview":"max-image-preview:large","max-video-preview":"max-video-preview:-1"},"canonical":"https:\/\/www.vie-de-boheme.de\/urlaub\/massage\/","og_locale":"de_DE","og_type":"article","og_title":"Massage - vie de boh\u00e8me","og_description":"Seit \u00fcber 30 Jahren fasziniert mich der Mensch, in Ber\u00fchrung und Bewegung. Massage in der Einzelsitzung Massage &#8211; eine Insel der Entspannung Massage ist Kunst und zeigt uns in ihrer h\u00f6chsten Form, wie einfachste Ber\u00fchrung direkt in tiefe Entspannung und unmittelbare Pr\u00e4senz f\u00fchrt. Unsere Massage ist wie ein einziger Pinselstrich,...","og_url":"https:\/\/www.vie-de-boheme.de\/urlaub\/massage\/","og_site_name":"vie de boh\u00e8me","article_modified_time":"2017-06-14T08:11:14+00:00","og_image":[{"url":"http:\/\/www.vie-de-boheme.de\/urlaub\/wp-content\/uploads\/2013\/01\/massage-hand.jpg","type":"","width":"","height":""}],"twitter_card":"summary_large_image","twitter_misc":{"Gesch\u00e4tzte Lesezeit":"1\u00a0Minute"},"schema":{"@context":"https:\/\/schema.org","@graph":[{"@type":"WebPage","@id":"https:\/\/www.vie-de-boheme.de\/urlaub\/massage\/","url":"https:\/\/www.vie-de-boheme.de\/urlaub\/massage\/","name":"Massage - vie de boh\u00e8me","isPartOf":{"@id":"https:\/\/www.vie-de-boheme.de\/urlaub\/#website"},"primaryImageOfPage":{"@id":"https:\/\/www.vie-de-boheme.de\/urlaub\/massage\/#primaryimage"},"image":{"@id":"https:\/\/www.vie-de-boheme.de\/urlaub\/massage\/#primaryimage"},"thumbnailUrl":"http:\/\/www.vie-de-boheme.de\/urlaub\/wp-content\/uploads\/2013\/01\/massage-hand.jpg","datePublished":"2013-01-15T08:58:32+00:00","dateModified":"2017-06-14T08:11:14+00:00","breadcrumb":{"@id":"https:\/\/www.vie-de-boheme.de\/urlaub\/massage\/#breadcrumb"},"inLanguage":"de","potentialAction":[{"@type":"ReadAction","target":["https:\/\/www.vie-de-boheme.de\/urlaub\/massage\/"]}]},{"@type":"ImageObject","inLanguage":"de","@id":"https:\/\/www.vie-de-boheme.de\/urlaub\/massage\/#primaryimage","url":"https:\/\/www.vie-de-boheme.de\/urlaub\/wp-content\/uploads\/2013\/01\/massage-hand.jpg","contentUrl":"https:\/\/www.vie-de-boheme.de\/urlaub\/wp-content\/uploads\/2013\/01\/massage-hand.jpg","width":320,"height":213},{"@type":"BreadcrumbList","@id":"https:\/\/www.vie-de-boheme.de\/urlaub\/massage\/#breadcrumb","itemListElement":[{"@type":"ListItem","position":1,"name":"Startseite","item":"https:\/\/www.vie-de-boheme.de\/urlaub\/"},{"@type":"ListItem","position":2,"name":"Massage"}]},{"@type":"WebSite","@id":"https:\/\/www.vie-de-boheme.de\/urlaub\/#website","url":"https:\/\/www.vie-de-boheme.de\/urlaub\/","name":"vie de boh\u00e8me","description":"Urlaub an der Ostsee","potentialAction":[{"@type":"SearchAction","target":{"@type":"EntryPoint","urlTemplate":"https:\/\/www.vie-de-boheme.de\/urlaub\/?s={search_term_string}"},"query-input":{"@type":"PropertyValueSpecification","valueRequired":true,"valueName":"search_term_string"}}],"inLanguage":"de"}]}},"_links":{"self":[{"href":"https:\/\/www.vie-de-boheme.de\/urlaub\/wp-json\/wp\/v2\/pages\/146","targetHints":{"allow":["GET"]}}],"collection":[{"href":"https:\/\/www.vie-de-boheme.de\/urlaub\/wp-json\/wp\/v2\/pages"}],"about":[{"href":"https:\/\/www.vie-de-boheme.de\/urlaub\/wp-json\/wp\/v2\/types\/page"}],"author":[{"embeddable":true,"href":"https:\/\/www.vie-de-boheme.de\/urlaub\/wp-json\/wp\/v2\/users\/1"}],"replies":[{"embeddable":true,"href":"https:\/\/www.vie-de-boheme.de\/urlaub\/wp-json\/wp\/v2\/comments?post=146"}],"version-history":[{"count":29,"href":"https:\/\/www.vie-de-boheme.de\/urlaub\/wp-json\/wp\/v2\/pages\/146\/revisions"}],"predecessor-version":[{"id":1163,"href":"https:\/\/www.vie-de-boheme.de\/urlaub\/wp-json\/wp\/v2\/pages\/146\/revisions\/1163"}],"wp:attachment":[{"href":"https:\/\/www.vie-de-boheme.de\/urlaub\/wp-json\/wp\/v2\/media?parent=146"}],"curies":[{"name":"wp","href":"https:\/\/api.w.org\/{rel}","templated":true}]}}